nder when 1348633 is divided by 1868.
1805
Calculate the remainder when 258615056 is divided by 1557922.
4
What is the remainder when 104194494 is divided by 331?
328
Calculate the remainder when 2429876 is divided by 4084.
3980
What is the remainder when 60391833 is divided by 3178517?
10
Calculate the remainder when 31473607 is divided by 2419.
2417
Calculate the remainder when 6794763 is divided by 2905.
2873
What is the remainder when 150461077 is divided by 968?
965
What is the remainder when 651297 is divided by 2820?
2697
What is the remainder when 2173291 is divided by 543275?
191
What is the remainder when 33040281 is divided by 22?
21
Calculate the remainder when 37312718 is divided by 9328176.
14
What is the remainder when 870516 is divided by 384?
372
What is the remainder when 64748578 is divided by 3084?
3082
What is the remainder when 37516121 is divided by 13687?
54
Calculate the remainder when 74243 is divided by 35862.
2519
What is the remainder when 499085 is divided by 499072?
13
What is the remainder when 103806 is divided by 11501?
297
What is the remainder when 4004726 is divided by 5346?
572
Calculate the remainder when 73594 is divided by 18209.
758
What is the remainder when 381099 is divided by 14092?
615
What is the remainder when 48713 is divided by 48661?
52
Calculate the remainder when 247672 is divided by 123817.
38
What is the remainder when 52059 is divided by 274?
273
What is the remainder when 4958236 is divided by 991619?
141
Calculate the remainder when 12177241 is divided by 9734.
7
What is the remainder when 2592 is divided by 819?
135
Calculate the remainder when 84860 is divided by 2834.
2674
Calculate the remainder when 269092 is divided by 232.
204
What is the remainder when 38894120 is divided by 3591?
3590
What is the remainder when 37603 is divided by 18585?
433
Calculate the remainder when 126924 is divided by 1221.
1161
What is the remainder when 102127 is divided by 394?
81
Calculate the remainder when 8536269 is divided by 391.
348
Calculate the remainder when 1885268 is divided by 1466.
1458
Calculate the remainder when 6020885 is divided by 91.
52
Calculate the remainder when 1567356 is divided by 44.
32
What is the remainder when 2015507 is divided by 131?
72
What is the remainder when 163738 is divided by 54563?
49
Calculate the remainder when 472231331 is divided by 1035595.
11
Calculate the remainder when 341860 is divided by 339180.
2680
What is the remainder when 265569 is divided by 33193?
25
Calculate the remainder when 1695881 is divided by 10278.
11
Calculate the remainder when 33007 is divided by 32288.
719
Calculate the remainder when 10252704 is divided by 3417550.
54
What is the remainder when 67545606 is divided by 2814400?
6
Calculate the remainder when 237987 is divided by 29745.
27
Calculate the remainder when 8088631 is divided by 785.
776
Calculate the remainder when 845660 is divided by 10116.
6032
What is the remainder when 5966067 is divided by 62?
55
What is the remainder when 7187052 is divided by 299457?
84
Calculate the remainder when 408369 is divided by 81672.
9
Calculate the remainder when 3634943 is divided by 83.
41
What is the remainder when 1290259 is divided by 161281?
11
What is the remainder when 1684197 is divided by 168?
165
Calculate the remainder when 63498239 is divided by 5120.
5119
What is the remainder when 8745515 is divided by 193?
106
Calculate the remainder when 426089 is divided by 31.
25
Calculate the remainder when 34067148 is divided by 50.
48
What is the remainder when 52404869 is divided by 15341?
13
Calculate the remainder when 359177 is divided by 295.
162
What is the remainder when 2516804 is divided by 944?
100
What is the remainder when 5070875 is divided by 1690005?
860
Calculate the remainder when 47781731 is divided by 9556345.
6
What is the remainder when 1210033 is divided by 403247?
292
Calculate the remainder when 1905421 is divided by 146566.
63
Calculate the remainder when 14985815 is divided by 923.
910
What is the remainder when 169089 is divided by 378?
123
Calculate the remainder when 32347039 is divided by 18.
13
Calculate the remainder when 59240537 is divided by 3417.
8
What is the remainder when 395110 is divided by 421?
212
What is the remainder when 36029 is divided by 1494?
173
Calculate the remainder when 314748 is divided by 3854.
2574
Calculate the remainder when 40509815 is divided by 7.
3
What is the remainder when 26820474 is divided by 333?
321
Calculate the remainder when 15523050 is divided by 21.
18
What is the remainder when 6577818 is divided by 1056?
1050
What is the remainder when 5642326 is divided by 5642317?
9
Calculate the remainder when 2225070 is divided by 3321.
0
Calculate the remainder when 390753 is divided by 3257.
3170
What is the remainder when 778092 is divided by 12155?
172
Calculate the remainder when 92139482 is divided by 17.
9
What is the remainder when 3894921 is divided by 15456?
9
Calculate the remainder when 808844 is divided by 15261.
11
Calculate the remainder when 85719 is divided by 42833.
53
Calculate the remainder when 38553725 is divided by 59.
57
Calculate the remainder when 32540493 is divided by 31.
10
What is the remainder when 144460421 is divided by 293?
287
What is the remainder when 25095294 is divided by 472?
470
Calculate the remainder when 73920789 is divided by 76.
73
What is the remainder when 16105287 is divided by 3221056?
7
What is the remainder when 1528013 is divided by 113?
27
What is the remainder when 21021956 is divided by 5750?
5706
Calculate the remainder when 10090540 is divided by 955.
10
What is the remainder when 22087839 is divided by 11043907?
25
Calculate the remainder when 27918042 is divided by 211.
210
Calculate the remainder when 96670 is divided by 96560.
110
Calculate the remainder when 244153 is divided by 595.
203
What is the remainder when 13439656 is divided by 836?
120
What is the remainder when 1595777 is divided by 820?
57
Calculate the remainder when 8610375 is divided by 263.
18
What is the remainder when 876591 is divided by 259?
135
What is the remainder when 1109566927 is divided by 3361?
3358
What is the remainder when 940475 is divided by 62?
59
Calculate the remainder when 736105 is divided by 367989.
127
Calculate the remainder when 135182 is divided by 3955.
712
Calculate the remainder when 17338 is divided by 18.
4
What is the remainder when 6578229 is divided by 3289114?
1
What is the remainder when 7547211 is divided by 33101?
183
Calculate the remainder when 13935 is divided by 419.
108
What is the remainder when 310086 is divided by 399?
63
What is the remainder when 451291417 is divided by 409?
408
What is the remainder when 692487349 is divided by 230829113?
10
What is the remainder when 629460 is divided by 2420?
260
Calculate the remainder when 867567 is divided by 987.
981
Calculate the remainder when 737110 is divided by 1073.
1032
Calculate the remainder when 2054383 is divided by 263.
90
Calculate the remainder when 8605257 is divided by 4302625.
7
What is the remainder when 3999856 is divided by 444427?
13
Calculate the remainder when 22721066 is divided by 337.
189
Calculate the remainder when 2643853 is divided by 528662.
543
What is the remainder when 516156 is divided by 166?
62
Calculate the remainder when 1992417 is divided by 58599.
51
Calculate the remainder when 94431 is divided by 23086.
2087
Calculate the remainder when 259008 is divided by 633.
111
Calculate the remainder when 16713316 is divided by 115.
21
Calculate the remainder when 3688415 is divided by 96.
95
Calculate the remainder when 227275 is divided by 45383.
360
What is the remainder when 683134 is divided by 55?
34
What is the remainder when 1907807 is divided by 544?
543
What is the remainder when 387016245 is divided by 4024?
4021
What is the remainder when 90002 is divided by 155?
102
What is the remainder when 29636 is divided by 888?
332
What is the remainder when 18040609 is divided by 142052?
5
What is the remainder when 76048941 is divided by 244?
241
What is the remainder when 826266 is divided by 1972?
1970
Calculate the remainder when 588057 is divided by 293333.
1391
Calculate the remainder when 175645 is divide